{"id":77,"date":"2021-12-13T15:40:55","date_gmt":"2021-12-13T15:40:55","guid":{"rendered":"https:\/\/kadence.pixel-show.com\/wooden-craft\/?post_type=product&#038;p=77"},"modified":"2025-02-25T23:28:44","modified_gmt":"2025-02-25T22:28:44","slug":"kate","status":"publish","type":"product","link":"https:\/\/kokaipapeteria.pl\/index.php\/produkt\/kate\/","title":{"rendered":"KATE"},"content":{"rendered":"<p>Karta g\u0142\u00f3wna zosta\u0142a wykonana z papieru g\u0142adkiego o gramaturze 300 w kolorze z\u0142amanej bieli.<\/p>\n<p>Cena zawiera:<\/p>\n<ul>\n<li>Karta g\u0142\u00f3wna 12\u00d717<\/li>\n<li>Karta dodatkowa<\/li>\n<li>opaska<\/li>\n<li>koperta<\/li>\n<\/ul>\n<p>8\u00a0 z\u0142<\/p>\n<p>Dodatkowo p\u0142atne:<\/p>\n<p>dodatkowa piecz\u0119\u0107 lakowa 1,50 z\u0142<br \/>\npersonalizacja koperty prz\u00f3d 0,90 gr<br \/>\npersonalizacja koperty ty\u0142 0,90 gr<\/p>\n<p>&#8211;W CELU ZAM\u00d3WIENIA PR\u00d3BEK PROSIMY O KONTAKT PRZEZ<strong> <a href=\"https:\/\/kokaipapeteria.pl\/index.php\/faq\/\" target=\"_blank\" rel=\"noopener\">FORMULARZ KONTAKTOWY<\/a><\/strong>&#8212;<\/p>\n","protected":false},"excerpt":{"rendered":"<p>Karta g\u0142\u00f3wna zosta\u0142a wykonana z papieru g\u0142adkiego o gramaturze 300 w kolorze z\u0142amanej bieli. Cena zawiera: Karta g\u0142\u00f3wna 12\u00d717 Karta dodatkowa opaska koperta 8\u00a0 z\u0142 Dodatkowo p\u0142atne: dodatkowa piecz\u0119\u0107 lakowa 1,50 z\u0142 personalizacja koperty prz\u00f3d 0,90 gr personalizacja koperty ty\u0142 0,90 gr &#8211;W CELU ZAM\u00d3WIENIA PR\u00d3BEK PROSIMY O KONTAKT PRZEZ FORMULARZ KONTAKTOWY&#8212;<\/p>\n","protected":false},"featured_media":1526,"template":"","meta":{"_kadence_starter_templates_imported_post":true,"_kad_post_transparent":"default","_kad_post_title":"","_kad_post_layout":"default","_kad_post_sidebar_id":"","_kad_post_content_style":"default","_kad_post_vertical_padding":"default","_kad_post_feature":"","_kad_post_feature_position":"","_kad_post_header":false,"_kad_post_footer":false},"product_brand":[],"product_cat":[33],"product_tag":[],"class_list":{"0":"post-77","1":"product","2":"type-product","3":"status-publish","4":"has-post-thumbnail","6":"product_cat-zaproszenia-slubne","8":"first","9":"instock","10":"shipping-taxable","11":"product-type-simple","12":"entry","13":"content-bg","14":"loop-entry"},"yoast_head":"<!-- This site is optimized with the Yoast SEO plugin v24.8.1 - https:\/\/yoast.com\/wordpress\/plugins\/seo\/ -->\n<title>KATE - Kokai Papeteria<\/title>\n<meta name=\"robots\" content=\"index, follow, max-snippet:-1, max-image-preview:large, max-video-preview:-1\" \/>\n<link rel=\"canonical\" href=\"https:\/\/kokaipapeteria.pl\/index.php\/produkt\/kate\/\" \/>\n<meta property=\"og:locale\" content=\"pl_PL\" \/>\n<meta property=\"og:type\" content=\"article\" \/>\n<meta property=\"og:title\" content=\"KATE - Kokai Papeteria\" \/>\n<meta property=\"og:description\" content=\"Karta g\u0142\u00f3wna zosta\u0142a wykonana z papieru g\u0142adkiego o gramaturze 300 w kolorze z\u0142amanej bieli. Cena zawiera: Karta g\u0142\u00f3wna 12\u00d717 Karta dodatkowa opaska koperta 8\u00a0 z\u0142 Dodatkowo p\u0142atne: dodatkowa piecz\u0119\u0107 lakowa 1,50 z\u0142 personalizacja koperty prz\u00f3d 0,90 gr personalizacja koperty ty\u0142 0,90 gr &#8211;W CELU ZAM\u00d3WIENIA PR\u00d3BEK PROSIMY O KONTAKT PRZEZ FORMULARZ KONTAKTOWY&#8212;\" \/>\n<meta property=\"og:url\" content=\"https:\/\/kokaipapeteria.pl\/index.php\/produkt\/kate\/\" \/>\n<meta property=\"og:site_name\" content=\"Kokai Papeteria\" \/>\n<meta property=\"article:publisher\" content=\"https:\/\/www.instagram.com\/kokaipapeteria\/\" \/>\n<meta property=\"article:modified_time\" content=\"2025-02-25T22:28:44+00:00\" \/>\n<meta property=\"og:image\" content=\"https:\/\/kokaipapeteria.pl\/wp-content\/uploads\/2023\/02\/IMG_4308-scaled.jpg\" \/>\n\t<meta property=\"og:image:width\" content=\"1707\" \/>\n\t<meta property=\"og:image:height\" content=\"2560\" \/>\n\t<meta property=\"og:image:type\" content=\"image\/jpeg\" \/>\n<meta name=\"twitter:card\" content=\"summary_large_image\" \/>\n<meta name=\"twitter:label1\" content=\"Szacowany czas czytania\" \/>\n\t<meta name=\"twitter:data1\" content=\"1 minuta\" \/>\n<script type=\"application\/ld+json\" class=\"yoast-schema-graph\">{\"@context\":\"https:\/\/schema.org\",\"@graph\":[{\"@type\":\"WebPage\",\"@id\":\"https:\/\/kokaipapeteria.pl\/index.php\/produkt\/kate\/\",\"url\":\"https:\/\/kokaipapeteria.pl\/index.php\/produkt\/kate\/\",\"name\":\"KATE - Kokai Papeteria\",\"isPartOf\":{\"@id\":\"https:\/\/kokaipapeteria.pl\/#website\"},\"primaryImageOfPage\":{\"@id\":\"https:\/\/kokaipapeteria.pl\/index.php\/produkt\/kate\/#primaryimage\"},\"image\":{\"@id\":\"https:\/\/kokaipapeteria.pl\/index.php\/produkt\/kate\/#primaryimage\"},\"thumbnailUrl\":\"https:\/\/kokaipapeteria.pl\/wp-content\/uploads\/2023\/02\/IMG_4308-scaled.jpg\",\"datePublished\":\"2021-12-13T15:40:55+00:00\",\"dateModified\":\"2025-02-25T22:28:44+00:00\",\"breadcrumb\":{\"@id\":\"https:\/\/kokaipapeteria.pl\/index.php\/produkt\/kate\/#breadcrumb\"},\"inLanguage\":\"pl-PL\",\"potentialAction\":[{\"@type\":\"ReadAction\",\"target\":[\"https:\/\/kokaipapeteria.pl\/index.php\/produkt\/kate\/\"]}]},{\"@type\":\"ImageObject\",\"inLanguage\":\"pl-PL\",\"@id\":\"https:\/\/kokaipapeteria.pl\/index.php\/produkt\/kate\/#primaryimage\",\"url\":\"https:\/\/kokaipapeteria.pl\/wp-content\/uploads\/2023\/02\/IMG_4308-scaled.jpg\",\"contentUrl\":\"https:\/\/kokaipapeteria.pl\/wp-content\/uploads\/2023\/02\/IMG_4308-scaled.jpg\",\"width\":1707,\"height\":2560},{\"@type\":\"BreadcrumbList\",\"@id\":\"https:\/\/kokaipapeteria.pl\/index.php\/produkt\/kate\/#breadcrumb\",\"itemListElement\":[{\"@type\":\"ListItem\",\"position\":1,\"name\":\"Strona g\u0142\u00f3wna\",\"item\":\"https:\/\/kokaipapeteria.pl\/\"},{\"@type\":\"ListItem\",\"position\":2,\"name\":\"Oferta\",\"item\":\"https:\/\/kokaipapeteria.pl\/index.php\/sklep\/\"},{\"@type\":\"ListItem\",\"position\":3,\"name\":\"KATE\"}]},{\"@type\":\"WebSite\",\"@id\":\"https:\/\/kokaipapeteria.pl\/#website\",\"url\":\"https:\/\/kokaipapeteria.pl\/\",\"name\":\"Kokai Papeteria\",\"description\":\"\",\"publisher\":{\"@id\":\"https:\/\/kokaipapeteria.pl\/#organization\"},\"potentialAction\":[{\"@type\":\"SearchAction\",\"target\":{\"@type\":\"EntryPoint\",\"urlTemplate\":\"https:\/\/kokaipapeteria.pl\/?s={search_term_string}\"},\"query-input\":{\"@type\":\"PropertyValueSpecification\",\"valueRequired\":true,\"valueName\":\"search_term_string\"}}],\"inLanguage\":\"pl-PL\"},{\"@type\":\"Organization\",\"@id\":\"https:\/\/kokaipapeteria.pl\/#organization\",\"name\":\"Kokai Papeteria\",\"url\":\"https:\/\/kokaipapeteria.pl\/\",\"logo\":{\"@type\":\"ImageObject\",\"inLanguage\":\"pl-PL\",\"@id\":\"https:\/\/kokaipapeteria.pl\/#\/schema\/logo\/image\/\",\"url\":\"https:\/\/kokaipapeteria.pl\/wp-content\/uploads\/2022\/10\/cropped-koka-bez-tla.png\",\"contentUrl\":\"https:\/\/kokaipapeteria.pl\/wp-content\/uploads\/2022\/10\/cropped-koka-bez-tla.png\",\"width\":2976,\"height\":1349,\"caption\":\"Kokai Papeteria\"},\"image\":{\"@id\":\"https:\/\/kokaipapeteria.pl\/#\/schema\/logo\/image\/\"},\"sameAs\":[\"https:\/\/www.instagram.com\/kokaipapeteria\/\"]}]}<\/script>\n<!-- \/ Yoast SEO plugin. -->","yoast_head_json":{"title":"KATE - Kokai Papeteria","robots":{"index":"index","follow":"follow","max-snippet":"max-snippet:-1","max-image-preview":"max-image-preview:large","max-video-preview":"max-video-preview:-1"},"canonical":"https:\/\/kokaipapeteria.pl\/index.php\/produkt\/kate\/","og_locale":"pl_PL","og_type":"article","og_title":"KATE - Kokai Papeteria","og_description":"Karta g\u0142\u00f3wna zosta\u0142a wykonana z papieru g\u0142adkiego o gramaturze 300 w kolorze z\u0142amanej bieli. Cena zawiera: Karta g\u0142\u00f3wna 12\u00d717 Karta dodatkowa opaska koperta 8\u00a0 z\u0142 Dodatkowo p\u0142atne: dodatkowa piecz\u0119\u0107 lakowa 1,50 z\u0142 personalizacja koperty prz\u00f3d 0,90 gr personalizacja koperty ty\u0142 0,90 gr &#8211;W CELU ZAM\u00d3WIENIA PR\u00d3BEK PROSIMY O KONTAKT PRZEZ FORMULARZ KONTAKTOWY&#8212;","og_url":"https:\/\/kokaipapeteria.pl\/index.php\/produkt\/kate\/","og_site_name":"Kokai Papeteria","article_publisher":"https:\/\/www.instagram.com\/kokaipapeteria\/","article_modified_time":"2025-02-25T22:28:44+00:00","og_image":[{"width":1707,"height":2560,"url":"https:\/\/kokaipapeteria.pl\/wp-content\/uploads\/2023\/02\/IMG_4308-scaled.jpg","type":"image\/jpeg"}],"twitter_card":"summary_large_image","twitter_misc":{"Szacowany czas czytania":"1 minuta"},"schema":{"@context":"https:\/\/schema.org","@graph":[{"@type":"WebPage","@id":"https:\/\/kokaipapeteria.pl\/index.php\/produkt\/kate\/","url":"https:\/\/kokaipapeteria.pl\/index.php\/produkt\/kate\/","name":"KATE - Kokai Papeteria","isPartOf":{"@id":"https:\/\/kokaipapeteria.pl\/#website"},"primaryImageOfPage":{"@id":"https:\/\/kokaipapeteria.pl\/index.php\/produkt\/kate\/#primaryimage"},"image":{"@id":"https:\/\/kokaipapeteria.pl\/index.php\/produkt\/kate\/#primaryimage"},"thumbnailUrl":"https:\/\/kokaipapeteria.pl\/wp-content\/uploads\/2023\/02\/IMG_4308-scaled.jpg","datePublished":"2021-12-13T15:40:55+00:00","dateModified":"2025-02-25T22:28:44+00:00","breadcrumb":{"@id":"https:\/\/kokaipapeteria.pl\/index.php\/produkt\/kate\/#breadcrumb"},"inLanguage":"pl-PL","potentialAction":[{"@type":"ReadAction","target":["https:\/\/kokaipapeteria.pl\/index.php\/produkt\/kate\/"]}]},{"@type":"ImageObject","inLanguage":"pl-PL","@id":"https:\/\/kokaipapeteria.pl\/index.php\/produkt\/kate\/#primaryimage","url":"https:\/\/kokaipapeteria.pl\/wp-content\/uploads\/2023\/02\/IMG_4308-scaled.jpg","contentUrl":"https:\/\/kokaipapeteria.pl\/wp-content\/uploads\/2023\/02\/IMG_4308-scaled.jpg","width":1707,"height":2560},{"@type":"BreadcrumbList","@id":"https:\/\/kokaipapeteria.pl\/index.php\/produkt\/kate\/#breadcrumb","itemListElement":[{"@type":"ListItem","position":1,"name":"Strona g\u0142\u00f3wna","item":"https:\/\/kokaipapeteria.pl\/"},{"@type":"ListItem","position":2,"name":"Oferta","item":"https:\/\/kokaipapeteria.pl\/index.php\/sklep\/"},{"@type":"ListItem","position":3,"name":"KATE"}]},{"@type":"WebSite","@id":"https:\/\/kokaipapeteria.pl\/#website","url":"https:\/\/kokaipapeteria.pl\/","name":"Kokai Papeteria","description":"","publisher":{"@id":"https:\/\/kokaipapeteria.pl\/#organization"},"potentialAction":[{"@type":"SearchAction","target":{"@type":"EntryPoint","urlTemplate":"https:\/\/kokaipapeteria.pl\/?s={search_term_string}"},"query-input":{"@type":"PropertyValueSpecification","valueRequired":true,"valueName":"search_term_string"}}],"inLanguage":"pl-PL"},{"@type":"Organization","@id":"https:\/\/kokaipapeteria.pl\/#organization","name":"Kokai Papeteria","url":"https:\/\/kokaipapeteria.pl\/","logo":{"@type":"ImageObject","inLanguage":"pl-PL","@id":"https:\/\/kokaipapeteria.pl\/#\/schema\/logo\/image\/","url":"https:\/\/kokaipapeteria.pl\/wp-content\/uploads\/2022\/10\/cropped-koka-bez-tla.png","contentUrl":"https:\/\/kokaipapeteria.pl\/wp-content\/uploads\/2022\/10\/cropped-koka-bez-tla.png","width":2976,"height":1349,"caption":"Kokai Papeteria"},"image":{"@id":"https:\/\/kokaipapeteria.pl\/#\/schema\/logo\/image\/"},"sameAs":["https:\/\/www.instagram.com\/kokaipapeteria\/"]}]}},"_links":{"self":[{"href":"https:\/\/kokaipapeteria.pl\/index.php\/wp-json\/wp\/v2\/product\/77","targetHints":{"allow":["GET"]}}],"collection":[{"href":"https:\/\/kokaipapeteria.pl\/index.php\/wp-json\/wp\/v2\/product"}],"about":[{"href":"https:\/\/kokaipapeteria.pl\/index.php\/wp-json\/wp\/v2\/types\/product"}],"wp:featuredmedia":[{"embeddable":true,"href":"https:\/\/kokaipapeteria.pl\/index.php\/wp-json\/wp\/v2\/media\/1526"}],"wp:attachment":[{"href":"https:\/\/kokaipapeteria.pl\/index.php\/wp-json\/wp\/v2\/media?parent=77"}],"wp:term":[{"taxonomy":"product_brand","embeddable":true,"href":"https:\/\/kokaipapeteria.pl\/index.php\/wp-json\/wp\/v2\/product_brand?post=77"},{"taxonomy":"product_cat","embeddable":true,"href":"https:\/\/kokaipapeteria.pl\/index.php\/wp-json\/wp\/v2\/product_cat?post=77"},{"taxonomy":"product_tag","embeddable":true,"href":"https:\/\/kokaipapeteria.pl\/index.php\/wp-json\/wp\/v2\/product_tag?post=77"}],"curies":[{"name":"wp","href":"https:\/\/api.w.org\/{rel}","templated":true}]}}